*y + 29 + 49 = -2*w. Calculate the remainder when 83 is divided by y.
20
Let q = 2 + -6. What is the remainder when 1/q - (-495)/12 is divided by 11?
8
Suppose 0 = 4*v - 318 - 174. Calculate the remainder when v is divided by 31.
30
Let w(g) = g**2 + 12*g - 27. Calculate the remainder when w(-19) is divided by 12.
10
Let q = 3 - -5. What is the remainder when 39 is divided by q?
7
Suppose 2*w + 0*b = -4*b + 34, -4*b = -2*w + 34. Calculate the remainder when 32 is divided by w.
15
Suppose -181 = 4*v + 3*z, -4*z + 39 = -2*v - 79. What is the remainder when (v/(-3))/((-7)/(-21)) is divided by 17?
15
Let z(f) = f**3 - f**2 + 2*f - 2. What is the remainder when z(3) is divided by 8?
6
Let d(f) = f**2 + f - 1. Let u = -20 + 31. Calculate the remainder when u is divided by d(-3).
1
Suppose -c - 18 + 4 = 0. What is the remainder when 47 is divided by 516/42 - (-4)/c?
11
Suppose u = -2*d - 12, 0 = 5*d + u + 2*u + 31. What is the remainder when (d/(-2))/((-2)/(-36)) is divided by 23?
22
Let y(v) = -v - 1. Let o be y(9). Let u = -19 - o. What is the remainder when 13 is divided by 10/(-3)*u/6?
3
Let v(s) = 30*s + 1. Calculate the remainder when v(2) is divided by 16.
13
Let g(z) = -z**2 + 10*z + 19. Let p(n) = n**3 + 4*n - 6. Calculate the remainder when p(4) is divided by g(10).
17
Suppose n - 4*j - 9 - 3 = 0, -2*j = n. Calculate the remainder when 15 is divided by n.
3
Suppose -5*k + 3*x + 21 = -x, 2*k = 4*x + 6. What is the remainder when 11 is divided by k?
1
Let j = -4 + 6. Suppose 0*u - j*u = 4. Calculate the remainder when 36 is divided by u - -7*(2 - -1).
17
Calculate the remainder when (20 - 19)/(30/14 - 2) is divided by 6.
1
Let i(c) = c**2 + 5*c + 24. What is the remainder when i(-7) is divided by 4?
2
Suppose 3*f - 2*x = -7*x + 28, -3*x = 3. Let n = f - 7. What is the remainder when 5 is divided by n?
1
Let p(g) = g + 2. Let f be p(0). Suppose -n + 20 = f. What is the remainder when 34 is divided by n?
16
Suppose 3*w = -2 + 20. Suppose 0 = -0*b - 3*b + w. Suppose 0 = r - 0*r - b. Calculate the remainder when 5 is divided by r.
1
Let i be -13 + -2 + 0/(-3). Let p = 3 - i. What is the remainder when p is divided by 30/8*16/6?
8
Suppose -2*q + 2*d = -68, -2*d - 130 = -5*q - 5*d. Calculate the remainder when q is divided by 8.
5
Let q = -1 + 6. Let o(n) = -n**3 - 2*n**2 + 2*n - 3. Let j be o(-3). Suppose q*i = -j*i + 55. Calculate the remainder when 20 is divided by i.
9
Suppose -x + 11 = 1. Let l be (-1)/2*1*2. Let a(n) = 5*n**2 - 2*n - 1. What is the remainder when x is divided by a(l)?
4
Let n(a) = a**3 + 8*a**2 - 3*a - 3. What is the remainder when n(-4) is divided by 25?
23
Suppose 0 = -8*d - 13 + 277. Calculate the remainder when 94 is divided by d.
28
Let z = -133 + 245. What is the remainder when z is divided by 19?
17
Let z = -67 - -87. What is the remainder when 76 is divided by z?
16
Let s = 4 - -1. Let l = 8 + -4. Let d = 9 + l. What is the remainder when d is divided by s?
3
Suppose -4*m + 4 = 2*o - 6, 3*o = 3. Suppose -2*d + 214 = 5*c - d, 8 = m*d. Suppose 125 = -2*t + 155. What is the remainder when c is divided by t?
12
Let v = 6 + -8. Let p = 6 + v. What is the remainder when 6 is divided by p?
2
Let h be ((-12)/15)/((-4)/510). Let a = -142 - -71. Let p = h + a. What is the remainder when p is divided by 11?
9
Suppose -2*u - 2*u + 15 = 5*j, 0 = -u - 2*j. What is the remainder when 13 is divided by (4/u)/(6/60)?
1
Suppose -6*o = -o + 4*n - 33, 0 = o - 5*n - 24. What is the remainder when o is divided by 4?
1
Suppose 0 = -3*i + 37 - 4. Let r = 0 + i. Calculate the remainder when 18 is divided by r.
7
Suppose -2*j + 25 = 3*j. Suppose -5 = 2*u - 3*u. Suppose 2 = -3*t + 2*t - u*c, -34 = -4*t + c. Calculate the remainder when t is divided by j.
3
Suppose b - 4*a - 21 = 0, -3*a - 2*a - 24 = b. Suppose 0 = c - 4 - b. What is the remainder when 8 is divided by c?
3
Let y = -2 + 5. Let r be -2*9/2 + -2. Let n = r + 15. What is the remainder when n is divided by y?
1
Let b(o) = -5*o - 14. What is the remainder when b(-6) is divided by 7?
2
Let b be 4/18 + (-500)/(-18). Suppose 0 = -4*u + 1 + 11. Suppose -u*x = x - b. Calculate the remainder when 19 is divided by x.
5
Suppose -4*s + 5 = -51. Let v(b) = b**3 - 15*b**2 + 15*b - 11. Calculate the remainder when v(s) is divided by 3.
0
Suppose -3*i - 1 = -13. Calculate the remainder when 13 is divided by i.
1
Suppose -2*s + 3*s = 0. Suppose -5*j + 0*j + 20 = s. Suppose -2 = 2*m - 0*m + j*x, -2*x = -4*m + 36. What is the remainder when 20 is divided by m?
6
Let s(x) = x**2 - 3*x. Let h be s(3). Suppose h*i = -i - 20. Let d = i + 33. What is the remainder when d is divided by 7?
6
Let p(d) = 2*d + 26. What is the remainder when p(0) is divided by 9?
8
Let u be (-3)/2*(-5 + 3). Suppose m = u*m. Suppose m = 6*l - l - 40. Calculate the remainder when 15 is divided by l.
7
Suppose 2*s = 4*t + 32, -4*s + 15 = -3*s - t. Let m = s - 2. Let a = 39 + -4. Calculate the remainder when a is divided by m.
11
Let o(w) = 55*w**2 - w. Calculate the remainder when o(-1) is divided by 19.
18
Let a be (1 - -4)*(-16)/(-10). What is the remainder when (-2 - -1) + (a - 2) is divided by 4?
1
Calculate the remainder when 5 is divided by (-4)/(-3 + 4 + -2).
1
Suppose 0 = -4*w + s - 22, 3*s + 4 = -w - w. What is the remainder when w/(10/6) + 14 is divided by 4?
3
Let r = -7 + 30. Calculate the remainder when r is divided by 4/14 - 108/(-14).
7
Let c = 46 - 41. Calculate the remainder when c is divided by 4.
1
Let y(p) = -p**2 - 4*p + 5. Let i be y(-5). Suppose i = h + 2*s - 0*s - 6, h - 4*s = -6. Let f(v) = 2*v - 22. What is the remainder when f(12) is divided by h?
0
Suppose 5*m - 3 = 4*m. Let g be (1 + -10)/(m - 2). Let x = -4 - g. What is the remainder when x is divided by 2?
1
Suppose -10*y - 27 = -87. What is the remainder when 49 is divided by y?
1
Suppose -13 = -7*w + 6*w. Suppose -x - x = -182. Suppose x - 17 = 2*n. Calculate the remainder when n is divided by w.
11
Let n be 5*(1 - (-3)/(-15)). Suppose -n*u + 9 + 27 = 0. What is the remainder when 34 is divided by u?
7
Let y be 0/2 - 4/(-4). What is the remainder when 0 - y - (-14 - -1) is divided by 7?
5
Suppose 28 = 8*j - 20. Calculate the remainder when 16 is divided by j.
4
Let b = -4 + 15. Let j = 1 + 3. Calculate the remainder when b is divided by j.
3
Let h = 5 - 7. Let c(f) be the third derivative of -7*f**4/24 - 2*f**2. What is the remainder when c(h) is divided by 4?
2
Let h(d) = -d**2 - 8*d - 5. Let n = -22 + 16. Calculate the remainder when 19 is divided by h(n).
5
Let n(j) = j**2 - 4*j + 2. Let d(s) be the third derivative of s**4/24 - 2*s**3/3 + s**2. What is the remainder when n(4) is divided by d(5)?
0
Suppose 0 = -s - 5 + 26. What is the remainder when 60 is divided by s?
18
Suppose -20 = -4*v - 0. Calculate the remainder when 21 is divided by v.
1
Let g = -43 - -78. What is the remainder when g is divided by 13?
9
Let x(y) = -y**2 + 7. What is the remainder when x(0) is divided by 4?
3
Let w = 12 - 12. Suppose -2*y - y + 105 = -3*g, w = -5*y - 3*g + 191. Calculate the remainder when y is divided by 10.
7
Suppose 5*f + 215 = 5*p, -p + 4*f = f - 41. Calculate the remainder when 12 is divided by (5/(-4))/((-11)/p).
2
Suppose 0*l = -g + l + 94, g = -2*l + 85. Calculate the remainder when g is divided by 31.
29
Suppose -3*h + 0 = 3. Let j = 9 - h. Let g = 32 + -14. Calculate the remainder when g is divided by j.
8
Let w(r) = 16*r + 30. Calculate the remainder when w(6) is divided by 26.
22
Suppose -4*w + 158 = 2*o, 3*w - o = 4*o + 125. What is the remainder when w is divided by 21?
19
Suppose 242 = 8*y - 358. Calculate the remainder when y is divided by 13.
10
Calculate the remainder when 63 is divided by (-3)/(-5) - (-334)/10.
29
Suppose -w + 2*l = -40, w + 0*w - l - 42 = 0. Let a = -20 + w. Calculate the remainder when 47 is divided by a.
23
Let z(l) = -11*l - 2. Let y(t) = -10*t - 2. Let s(x) = -4*y(x) + 3*z(x). What is the remainder when (-47)/(3 + -2 + -2) is divided by s(2)?
15
Let z be (90 + 1 - 3) + 0. Let v = z - 48. Calculate the remainder when v is divided by 21.
19
Suppose -b = l - 17, -2*b + 0*l - 4*l = -26. Suppose -86 + b = -5*j - 2*y, 5*j + y = 70. Calculate the remainder when 58 is divided by j.
13
Let f = 14 + -23. Suppose -5*n +